-3151?
3160
In base 5, what is -113124 - 30?
-113204
In base 7, what is -1326664 + -5?
-1330002
In base 9, what is -2172 - 344?
-2526
In base 8, what is 4 + 67216?
67222
In base 4, what is 1 - -2022033?
2022100
In base 9, what is 0 + -60845?
-60845
In base 3, what is 10010 - 111220?
-101210
In base 4, what is 321232011 - 10?
321232001
In base 11, what is -20 + -6752?
-6772
In base 7, what is 533014 + -4?
533010
In base 11, what is 5 - -6263?
6268
In base 13, what is 191 + 5ab?
76c
In base 2, what is -11011000111110 - -1011010?
-11010111100100
In base 10, what is 28 + -9805?
-9777
In base 11, what is -158a95 + 2?
-158a93
In base 8, what is -12512 - 2?
-12514
In base 12, what is -10a101 + 0?
-10a101
In base 8, what is 5 - 211773?
-211766
In base 16, what is -315e + 28?
-3136
In base 12, what is -5 - a805?
-a80a
In base 8, what is -11 + -245354?
-245365
In base 5, what is -1 + -330232?
-330233
In base 10, what is -1650 + -148?
-1798
In base 16, what is 49a2 + 0?
49a2
In base 8, what is -1674 + 272?
-1402
In base 11, what is 376 - 32a?
47
In base 4, what is -20213020101 - 10?
-20213020111
In base 14, what is 898b + 7d?
8a2a
In base 10, what is 2 + 1640578?
1640580
In base 14, what is -1c7 + 98?
-12d
In base 3, what is -1000111100220 + 0?
-1000111100220
In base 8, what is -2566 + -13?
-2601
In base 8, what is 64071 + 7?
64100
In base 9, what is 84 - -3486?
3581
In base 12, what is aa615 + -2?
aa613
In base 2, what is 111010001 + -1011001?
101111000
In base 13, what is -89909 + -2?
-8990b
In base 3, what is -210 - 101221102?
-101222012
In base 4, what is -121331311 - -23?
-121331222
In base 7, what is -5110 - -2161?
-2616
In base 9, what is -866428 - -2?
-866426
In base 15, what is -349 - -27?
-322
In base 6, what is -1 - 13230?
-13231
In base 15, what is -113 + 3730?
361c
In base 15, what is 15 + -26c1?
-26ab
In base 3, what is 10121 - 1101122?
-1021001
In base 15, what is -3 + 3e43?
3e40
In base 4, what is 2013323220 - 11?
2013323203
In base 11, what is 5 - -51348a?
513494
In base 2, what is -100001100101100 + 1?
-100001100101011
In base 10, what is -230 - 402?
-632
In base 9, what is -24716 - 120?
-24836
In base 4, what is 11 + 23013333?
23020010
In base 9, what is -1418 + -47?
-1466
In base 16, what is -2 + -3cb8?
-3cba
In base 16, what is 7 + 76?
7d
In base 11, what is 20 - -4390?
4400
In base 11, what is a - -7940?
794a
In base 15, what is -2 + -980aa?
-980ac
In base 10, what is -3 + 14665?
14662
In base 10, what is -4 + 23458?
23454
In base 10, what is 2323 + -13?
2310
In base 2, what is -10010110001111 - 111?
-10010110010110
In base 3, what is -22 + -1212201112?
-1212201211
In base 15, what is 2 - -173ee?
17401
In base 5, what is -22 - -32334?
32312
In base 2, what is -10 + -10111011011101010?
-10111011011101100
In base 9, what is -1038484 - -3?
-1038481
In base 12, what is -2677 + -b?
-2686
In base 3, what is 112 - 2020102020?
-2020101201
In base 2, what is 110110 + 10010?
1001000
In base 5, what is -210040 + -3320?
-213410
In base 6, what is 441020541 + -2?
441020535
In base 4, what is 22032222 + -3?
22032213
In base 3, what is -101 + -111011202?
-111012010
In base 13, what is 6b30 - 1?
6b2c
In base 13, what is 7ccb - 7?
7cc4
In base 16, what is 2 + 77767?
77769
In base 13, what is -2a45 + 0?
-2a45
In base 9, what is 1311336 - 0?
1311336
In base 5, what is -1 + -100112?
-100113
In base 12, what is -3 + -44147?
-4414a
In base 9, what is 166715 + -2?
166713
In base 10, what is -2898 + 46?
-2852
In base 14, what is 30dc6 - 2?
30dc4
In base 10, what is 4 + 3975?
3979
In base 4, what is -1100321111 - 0?
-1100321111
In base 7, what is -4 + -11652?
-11656
In base 3, what is 101112001101 + -12?
101112001012
In base 3, what is -111211121 - -11?
-111211110
In base 5, what is -402 + 10420?
10013
In base 9, what is -753 + -8?
-762
In base 5, what is -43330 + 2?
-43323
In base 5, what is -4000 - -23?
-3422
In base 12, what is -12b + -1bb4?
-2123
In base 16, what is 4 + 3449?
344d
In base 3, what is 202020101 - 2?
202020022
In base 2, what is 1110100 - -100100101100100?
100100111011000
In base 13, what is 3b6c - 176?
39c6
In base 8, what is -3 - 1603453?
-1603456
In base 7, what is 11126 + -430?
10366
In base 8, what is 351 + 5226?
5577
In base 11, what is 53107 + -16?
530a1
In base 14, what is 2142 + 30?
2172
In base 8, what is 332466 + -3?
332463
In base 16, what is 40b + -2d5?
136
In base 14, what is -8 + 2863c?
28634
In base 13, what is -2970 - 0?
-2970
In base 15, what is -1 - 1979?
-197a
In base 14, what is -94 - 130c?
-13a2
In base 12, what is 59 - -1a9?
246
In base 10, what is 5245 + -3?
5242
In base 9, what is 357 - -11104?
11462
In base 11, what is 3 - 21259?
-21256
In base 2, what is 1011110111101011011 + -10?
1011110111101011001
In base 7, what is -145120 + -3?
-145123
In base 10, what is 1 + -325881?
-325880
In base 3, what is -10220 - 10?
-11000
In base 14, what is a26 + -16?
a10
In base 8, what is -5 + 34565?
34560
In base 15, what is -3221b - -5?
-32216
In base 4, what is 1000110 + 1021?
1001131
In base 15, what is -18be9 - 5?
-18bee
In base 6, what is -3 - -11343?
11340
In base 9, what is 144 - -1665?
1820
In base 2, what is -100101001 - -1001100000?
100110111
In base 14, what is 31 + -56a?
-539
In base 15, what is 11 - 4c1e?
-4c0d
In base 10, what is -33353 - -34?
-33319
In base 2, what is 11111110110100000101 - 0?
11111110110100000101
In base 9, what is -45 + -271?
-326
In base 11, what is -1157 - 156a?
-2716
In base 12, what is 4194 - 5a?
4136
In base 15, what is -b - -31?
25
In base 13, what is -21 - 3c81?
-3ca2
In base 9, what is -2862 - -63?
-2788
In base 14, what is 36b23 + 6?
36b29
In base 4, what is -2113112 + -10?
-2113122
In base 11, what is -1693 + -3?
-1696
In base 13, what is 8 - 27341?
-27336
In base 8, what is -51215 + -4?
-51221
In base 8, what is 30757 + -26?
30731
In base 14, what is -a6 - 2a16?
-2abc
In base 10, what is -5039 + -437?
-5476
In base 14, what is -3 + 236bb?
236b8
In base 13, what is 1c63a4 - 5?
1c639c
In base 12, what is 1bb6 + -7?
1bab
In base 4, what is -10302233 - -132?
-10302101
In base 14, what is 0 - -1c3a47?
1c3a47
In base 5, what is 122 - -10324?
11001
In base 9, what is 1070268 - 1?
1070267
In base 15, what is 3 + 24d17?
24d1a
In base 9, what is -121658 + 2?
-121656
In base 10, what is -171 + 2434?
2263
In base 5, what is -22002 + -344?
-22401
In base 15, what is -1 - 2c30?
-2c31
In base 4, what is -1102 + 203220?
202112
In base 15, what is 14d85 - -12?
14d97
In base 13, what is 5841b + 3?
58421
In base 9, what is 1 + -25021?
-25020
In base 12, what is 520b9 - 3?
520b6
In base 16, what is 0 + 3f0d?
3f0d
In base 2, what is -100001100 + 10010?
-11111010
In base 12, what is 90 + 55a?
62a
In base 7, what is 36 + -1206?
-1140
In base 10, what is 13169 + -2?
13167
In base 4, what is -1130 - 23112?
-30302
In base 7, what is -1 + 25365?
25364
In base 15, what is 20e77 + -7?
20e70
In base 12, what is 4 - 6ba5?
-6ba1
In base 14, what is 7 - -cd3?
cda
In base 2, what is 111101 + -110?
110111
In base 12, what is 3 + 6900?
6903
In base 2, what is 0 - -100000010001110011?
100000010001110011
In base 15, what is 1b7e2 + 0?
1b7e2
In base 15, what is 2d986 - 1?
2d985
In base 16, what is -160ddf - 3?
-160de2
In base 16, what is 13a34 - -9?
13a3d
In base 15, what is -2b55 + -15?
-2b6a
In base 15, what is 1 - 956d6?
-956d5
In base 10, what is -313093 - 3?
-313096
In base 10, what is -58 - -10?
-48
In base 4, what is -12 - 203020?
-203032
In base 6, what is 0 - -242232?
242232
In base 12, what is 746a5b + -5?
746a56
In base 10, what is -5 - 49303?
-49308
In base 7, what is 4550402 + 5?
4550410
In base 7, what is 63 + 11001?
11064
In base 10, what is 78154 + -4?
78150
In base 16, what is 9 - 1842?
-1839
In base 16, what is -4 - 2f04?
-2f08
In base 10, what is -2 + 17780?
17778
In base 15, what is -1 - 2881b?
-2881c
In base 11, what is 2 + -28140?
-28139
In base 5, what is -33 - -21331?
21243
In base 2, what is -10010111 - 10001000?
-100011111
In base 7, what is 245 - 52?
163
In base 16, what is 0 + 9e3f?
9e3f
In base 13, what is -13b5 - 540?
-1925
In base 3, what is -100212120211101 - -2?
-100212120211022
In base 6, what is 201 - -3513?
4114
In base 3, what is -1110 - 120102?
-121212
In base 14, what is -149c9 -